 638 - 4154 = 0. Let h = o + g. Is h composite?
True
Let k be (-2)/6 - (-70)/30. Suppose 0 = 4*r + 4*i - 4028, -k*r + 2008 = 6*i - i. Is r a prime number?
True
Let i(t) = -9*t**2 - 8*t + 7. Let n be i(5). Is -4 + 3*n/(-9) composite?
True
Is -2*((-555090)/(-12))/(-5) a prime number?
True
Suppose -4*q = -9*q - 6540. Let u = 2308 + q. Suppose 2*x = 82 + u. Is x composite?
False
Let q(n) = -14*n**3 - 3*n**2 - 2*n + 52. Is q(-7) a composite number?
False
Is ((-33006)/15)/(4/(-10)) a prime number?
True
Suppose -1340 = 2*v + 3*f, -4 - 4 = 4*f. Let n = -356 - v. Is n a prime number?
True
Suppose 8*r = -16*r + 187536. Is r composite?
True
Suppose -9*h - 10 = -14*h. Suppose -h*k + 3*i = -20, 4*i + 30 = 3*k - 0*i. Let c(g) = 6*g + 11. Is c(k) a composite number?
False
Let f(b) = b**2 - 6*b - 2. Let v be f(7). Suppose 4*m = 2*y - 122, 2*y - 132 + 19 = -v*m. Is y a prime number?
True
Is ((-21092)/6)/((-2)/3) a composite number?
False
Suppose 9*d - 12 = 5*d. Suppose -3*v = 2*f, v = -5*f - d*v + 14. Suppose -b - 1481 = -3*a - f*b, 471 = a - 4*b. Is a composite?
False
Let d be ((-8)/(-3))/((-12)/(-54)). Suppose -2*k + b - d = 0, -7 - 1 = -4*b. Let t(u) = -7*u + 3. Is t(k) a prime number?
False
Let f = -47035 + 67032. Is f prime?
True
Is 1044208/30 + (-7)/(-105) a composite number?
False
Let m(v) = -23*v**2 - 7*v - 12. Let k be m(7). Let o = k - -2162. Suppose 7*j - o = 419. Is j composite?
False
Let y(o) = -o - 2. Let r be y(-14). Is r/(-24) + ((-12573)/2)/(-3) prime?
False
Let j be (1/(-1))/(1/(-115)). Let t = j - -222. Is t a composite number?
False
Let g be 4 + (-20)/5 - 0. Suppose g = 2*a + 3*a - 2235. Is a composite?
True
Suppose g = 2*y - 293, 3*g = -y + 6*y - 735. Suppose y = -2*w + 1274. Is w prime?
False
Is 1*(-5 + 2) + 49316 composite?
True
Let j(t) = 4*t - 2. Let f be j(3). Let i = f - 33. Let n = i + 33. Is n a prime number?
False
Suppose 12*a - 5 = 19. Suppose -j = 2*v - 107, 0 = -2*j + a*v - 4*v + 220. Is j prime?
True
Let z(i) = 3*i**2 + 14*i + 31. Is z(-8) a prime number?
False
Suppose 3*u - 42 = -30, -u = s - 16481. Is s a composite number?
False
Let v = 1153 - -1786. Is v a composite number?
False
Let w = -28 + 32. Suppose -4*f + 3*m - w*m + 2696 = 0, -2*f + 5*m + 1326 = 0. Is f prime?
True
Let g(d) be the third derivative of -d**7/2520 + d**6/45 - 11*d**5/120 + d**4/12 - 5*d**2. Let n(v) be the second derivative of g(v). Is n(12) prime?
True
Is 426586/18 + 162/(-729) prime?
False
Suppose -2*c + 9 = -5*c. Is (636/(-18))/(2/c) composite?
False
Suppose 3*w = -5*w + 28312. Suppose -x = -3*l - 967, -4*x + 2*l + 369 = -w. Is x composite?
True
Let w be (-5)/((-15)/86886)*-1. Let d = -20299 - w. Is d a prime number?
True
Let p(w) = w**2 + 5*w + 4. Let m be p(-6). Suppose 4*u = -2*r + 5*u, -u = 3*r - m. Suppose -4*f - 544 = -4*v, -2*v + r*f - f + 275 = 0. Is v composite?
False
Suppose -30 = -3*o - 2*o. Let g(t) = -9*t + 4*t + 5*t**2 - 7 - 4*t + 2*t. Is g(o) a composite number?
False
Let s(x) = -5 + 10 - 2*x - x**2 + 2*x**2 - x**3. Let v be s(0). Suppose 5*i - 339 = -v*g - 69, 5 = i. Is g composite?
True
Let l(n) = 482*n**2 - 2*n + 5. Let x be l(-3). Suppose 0 = 2*j - x - 429. Is j a composite number?
False
Suppose -18 + 0 = -6*u. Is u*-37*2/(-6) a composite number?
False
Suppose 21*v - 22*v + 27615 = 0. Suppose -6*p - 9*p + v = 0. Is p composite?
True
Let i be 1/(2310/1154 - 2). Suppose -2*k + i = -3*k. Let m = k - -1550. Is m composite?
True
Suppose 0 = 11*p - 53514 - 104699. Is p composite?
True
Let a(f) = -24264*f**3 - f**2 - 29*f - 29. Is a(-1) prime?
False
Suppose i - 3*k - 460 = -i, 4*i = -k + 906. Suppose -5*f + i = 4*z - 96, 0 = -4*f + 12. Is z prime?
False
Suppose 19*j - 101 = -25. Suppose 5*v - j*t - 1101 = 0, 8*v = 5*v + 4*t + 667. Is v a prime number?
False
Let y be 6/(-27)*3*(-45)/10. Suppose y*w = -3, -5*o + 353 - 24 = -4*w. Is o a composite number?
True
Let c(s) = s**2 - 11*s + 15. Let w be c(10). Suppose -8*t = w*t - 286. Is t composite?
True
Let s(k) = 479*k + 3. Let l be s(-3). Let x = l - -2152. Is x prime?
False
Suppose -12*g + 23 + 13 = 0. Is (-2)/g*(71580/8)/(-5) prime?
True
Let j(d) = d**3 + 11*d**2 - 3*d - 14. Let g(m) = -m + 13. Let f be g(-9). Suppose f = -2*r - 0. Is j(r) a composite number?
False
Let o = 33 + -29. Suppose -w = -o*r - 98, 0*r - r = -4*w + 347. Let p = w - 17. Is p a prime number?
False
Suppose -4*d - 4*p - 33 = 31, -2*d + 2*p - 12 = 0. Let i = -8 - d. Suppose 3*b - 4*b - i*u + 74 = 0, 3*u = 2*b - 157. Is b a prime number?
False
Suppose 6*t + 1824 = -3534. Let z = -532 - t. Is z composite?
True
Let l be (-20)/(-8) - 1 - 18/4. Let x(t) = -71*t - 4. Is x(l) composite?
True
Let k = -3 + 8. Let q(m) be the first derivative of 2*m**3 - 3*m**2/2 - 8*m - 9. Is q(k) a composite number?
False
Suppose 0 = g + y - 3153, -3*g - g - 2*y + 12604 = 0. Is g prime?
False
Let r(i) = -53*i + 1. Let h be r(4). Let a be 8/(-40) - 6/(-5). Is 1 + a + 0 - h prime?
False
Suppose 22 = -9*c + 85. Suppose z = -c*z + 3752. Is z prime?
False
Suppose 4*i + 5*t = i + 1141, t - 2 = 0. Suppose -i = -m - 70. Suppose -14*r = -13*r - m. Is r composite?
False
Let t be (-381)/(-18) - 3/18. Suppose t*g + 524 = 23*g. Is g a prime number?
False
Let f = -14347 - -20768. Is f a prime number?
True
Suppose -w + 10 = 5*i, 2*w - 2*i - 14 = -6*i. Suppose w*g - 3433 = -3*h, -2*g = 3*h - g - 3449. Is h prime?
True
Suppose 3*x - 37080 = -0*d - d, 2*d + 37071 = 3*x. Is x composite?
True
Is (-11162)/3*(176/(-32) + 4) a prime number?
True
Let c(o) = -2611*o - 232. Is c(-6) composite?
True
Let m = 2167 + -1209. Is m composite?
True
Suppose 1265 - 14210 = -5*m. Let i = -1330 + m. Is i a composite number?
False
Let h(x) = -4*x**3 + 4*x**2 - 5. Let a = -15 - -11. Let t be h(a). Let o = -8 + t. Is o composite?
False
Let h be (7 - 7) + 2 + 0. Suppose -3*w = 5*b - 263, w = -4*b + h*w + 224. Is b a composite number?
True
Let s = 31 + -23. Is 6708/s - (-5)/10 prime?
True
Let c(b) = -3*b + 21. Let a(r) = -2*r + 11. Let i(q) = -5*a(q) + 3*c(q). Let x be i(-8). Suppose -2*y + 3*u + 41 = x, 0 = 3*u - 4*u - 1. Is y a prime number?
True
Let q be (27/(-3))/(4/(-116)). Is q/5 + 28/35 a composite number?
False
Let u be (-2)/(4/(-38))*(-3645)/(-27). Let k = u + 806. Is k a prime number?
True
Let c = 660 - -74. Is c prime?
False
Let q = 4174 - -1615. Is q a prime number?
False
Suppose 0 = -3*y + 1 + 5. Is 18 + 0 + (y - 5) a composite number?
True
Let g(y) be the third derivative of -5*y**7/504 + 7*y**6/240 - y**5/15 + 2*y**2. Let q(m) be the third derivative of g(m). Is q(-15) a composite number?
True
Let t be (0 - 1)/(-4 - -5). Is 3 + 484 - (-1 - (t - 0)) a prime number?
True
Suppose 0 = -12*w + 11*w + 51. Is w composite?
True
Let u be (0 + -1)*5*-1. Suppose -172 = -4*d + 4*k, -u = -0*k + k. Is d a composite number?
True
Let x(q) = -q**3 - 41*q**2 + 9*q - 49. Is x(-42) a composite number?
True
Suppose s + 288553 = 20*s. Is s composite?
False
Suppose -5*j - 2 = l, j + 4 = 2*l + 3*j. Suppose -l*m + 2*m + 570 = 3*h, 4*h + 2907 = 5*m. Is m a composite number?
True
Suppose -13 = -5*s + 22. Suppose 4*z + 537 = s*z. Is z composite?
False
Let a(f) = 2*f**3 - 6*f**2 + 5*f + 3. Let m(r) = -3*r - 9. Let u(n) = n + 4. Let x(z) = -4*m(z) - 10*u(z). Let d be x(4). Is a(d) composite?
True
Suppose 0 = -3*t + 5 + 7. Suppose -15*u + 12*u + 6 = 0. Suppose -u*y + t*y + 2 = 0, -4*w + 4*y + 896 = 0. Is w a composite number?
False
Suppose 5*g - 10 = 0, -2*g - 3*g + 16814 = 4*r. Is r composite?
False
Is 21241/((-72)/(-12) + -5) a prime number?
False
Let s(g) = 1229*g**2 + 2*g + 6. Is s(-2) composite?
True
Suppose -2*z + 27342 = -0*z + 4*x, -4*z = -3*x - 54629. Is z a prime number?
False
Let n = -5 + -4. Let i = -12 - n. Is -2*i/(-6) - -90 prime?
True
Is 171771/12 + 507/(-156) prime?
False
Let s = -18357 + 36220. Is s composite?
False
Let d = 2224 + 4251. Suppose 10*z = 14145 + d. Is z a prime number?
False
Let g(y) = -y**2 - 15*y - 23. Let d be g(-7). Is (-28 + -1)*(22 - d) a composite number?
True
Let j(i) = -i**3 - 5*i**2 - i - 5. Let k be j(-5). Suppose -3*y - 3*q = -y - 452, -5*y - 5*q + 1125 = k. Is y prime?
True
Suppose 3*x = 9, -10 = 6*l - 2*l - 2*x. Is 220 - (-5 + l + 5) a prime number?
False
Let v(c) = -2984*c**3 + 6*c**2 + c - 8. Is v(-3) composite?
False
Is (38/4)/(45/67950) + 2 prime?
T